 - -13. Suppose t*r - 191 = d*r. Is r a composite number?
False
Let g be (-5)/(-1) + (0 - 1). Suppose 3*q - v = 163, 3*q - 220 + 47 = -g*v. Is q composite?
True
Let r be 1 - (9/3 - 1). Let y be r/1*11*3. Let n = y + 58. Is n a composite number?
True
Suppose -4*y - 1916 = -8*y. Is y a composite number?
False
Let m be 1 + -4*1 + 132. Suppose 4*g - g = m. Is g composite?
False
Let z(s) be the second derivative of -1/2*s**2 + 1/20*s**5 + 0 + s + s**3 + 2/3*s**4. Is z(-6) composite?
True
Let h be (2/6*0)/(-2). Suppose 5*l + 64 - 309 = h. Let m = l - 24. Is m composite?
True
Suppose 0 = -4*k - 5 - 363. Let p = 166 + k. Suppose -2*i + 0*i + p = 0. Is i composite?
False
Suppose 60 = 2*t - 254. Is t composite?
False
Let t be ((-3)/(-2))/(24/64). Suppose t*j = -o + 185, 3*j - o - 140 = -3*o. Is j a prime number?
False
Let m be (-128072)/(-42) - 1/3. Suppose p - 5*p + m = 3*q, -2293 = -3*p + 4*q. Is p composite?
True
Let o(s) = 682*s**2 + 1. Is o(-1) a prime number?
True
Let s = 143 - -40. Is s composite?
True
Let a(c) = -c**3 + c**2 + 3*c - 4. Let u be a(-3). Suppose u = -4*f - 33. Let k = f - -33. Is k a composite number?
False
Let o = 72 + 259. Is o a prime number?
True
Let n(b) = 15*b + 14. Let z(d) = -14*d - 13. Let t(o) = -4*n(o) - 3*z(o). Is t(-8) composite?
False
Suppose -101 + 366 = 5*g. Is g a prime number?
True
Let h(j) = 6*j - 7. Is h(9) a composite number?
False
Suppose -5*k - 5 - 3 = -2*d, -d = 3*k - 15. Suppose -d*j = -4*j. Suppose -126 = -4*b - 2*c + 6, j = -2*b - 5*c + 82. Is b composite?
False
Suppose -t = -3*p - 0*p + 875, 5*t = -25. Let n = 451 - p. Is n a composite number?
True
Is (-296)/(-4) + 9/3 - -2 composite?
False
Suppose 2*n = 4*a + 1190, -4*a - 16 = -0*a. Is n composite?
False
Let a = 8 - 12. Let i = a + 10. Let d(x) = -x**2 + 8*x + 1. Is d(i) a prime number?
True
Let l be 1 - (2*-21 + 0). Let z = 26 + l. Is z prime?
False
Let n be -3*((-14)/(-6) + 0). Let c = 11 + n. Suppose 5*s + 4*k - 197 = 0, 0 = -c*s + 2*k + 103 + 39. Is s prime?
True
Suppose 0*m - 12 = -2*m. Let p(z) be the third derivative of z**6/120 - z**5/15 - z**4/8 + 2*z**3/3 + 12*z**2. Is p(m) prime?
False
Suppose 0 = 3*b - 3*p + 21, -5*b + p + 5 = 4*p. Let q(m) = -3*m. Is q(b) a prime number?
False
Suppose 3*y - 276 = -v, 3*y - 3*v - 337 + 73 = 0. Suppose 3*b - 308 + y = -5*n, 0 = -2*b + n + 162. Is b prime?
True
Suppose 0 = k - 4*k. Suppose k = 5*j + 4*a - 153, -4*j - 21 = -2*a - 159. Is j prime?
False
Let h(n) = n**3 - n + 68. Let g be h(0). Suppose 2*o + g = 3*o. Let z = o - -17. Is z a composite number?
True
Let f(o) = 18*o**2 - 4*o - 3. Is f(-2) a composite number?
True
Suppose 0 = -10*g + 812 + 458. Is g a prime number?
True
Suppose -291 = -4*p + 1281. Is p a composite number?
True
Let g be -77 + (3 - 6) - -1. Let k = 6 - g. Is k composite?
True
Suppose 3*m - 1 = -5*c - 0*c, -4*c + m = -11. Let h be -3 - (0 + -10 - c). Let u = h - -14. Is u a composite number?
False
Suppose 0 = -5*s - 4*a - 0*a + 293, -5*s - 5*a = -295. Suppose s + 108 = 5*q. Is q prime?
False
Suppose 0*u - u = -3. Let o(v) = v**3 - 3*v**2 + 3*v - 3. Let h be o(3). Suppose -2*k + 45 = -s, s - h = u*s. Is k a prime number?
False
Let s(l) = l**3 + 3*l**2 + 1. Let k be s(-3). Let t be 0 - (k + -2 - 3). Suppose 476 = -0*y + t*y. Is y composite?
True
Let u be (70/30)/((-1)/(-3)). Is ((-1484)/(-16))/u*4 a prime number?
True
Is 4/6 + 56/(-21) - -1215 a composite number?
False
Let n(w) = 6*w**2 - 2*w - 1. Is n(6) a composite number?
True
Let x = -12 - -18. Suppose 18 = 4*q + x. Suppose -q*m = -5*m + 182. Is m a composite number?
True
Let b = 0 + -5. Is (-16)/b - (-1)/(-5) a composite number?
False
Let n(h) = -16*h + 7. Suppose 3*p + 23 = a, -p - a = 5 - 0. Is n(p) prime?
False
Is -2 + -2 - 3*-63 a composite number?
True
Let x(s) = -1048*s + 3. Is x(-4) composite?
True
Let l be (-24 + -1)*2/2. Let w = l + 3. Let s = 36 + w. Is s prime?
False
Suppose -23 = -n - 0. Is n a composite number?
False
Suppose f + 4*f = 55. Let a = 26 + f. Is a prime?
True
Suppose 2*b = -0*b + 22. Suppose 0 = -i - 1 - b. Let j(g) = g**2 + 7*g + 5. Is j(i) prime?
False
Suppose -4*j = -5*j + 443. Is j composite?
False
Let z = -753 + 1242. Is z prime?
False
Suppose 0 = 2*r + 3*r - 3615. Suppose 4*s + 3*t - r - 2899 = 0, -6 = 3*t. Is s a prime number?
True
Let i(f) = -26*f - 7. Let c(o) = o**2 + 7*o + 4. Let h be c(-5). Is i(h) a prime number?
True
Let m(j) = -5*j**3 - j**2 - 3. Let a be m(-3). Let p = a - 72. Is p a prime number?
False
Let x = 8 - 0. Let a be ((-158)/x)/((-2)/(-8)). Let w = 173 + a. Is w a composite number?
True
Let a be (5/(-2))/(1/(-2)). Suppose -5*j = -0*y - a*y - 25, -4*y = 12. Is (94*-1)/(j - 4) a composite number?
False
Let u(j) = 6*j + 3. Let k(z) = -18*z - 6. Let t(p) = 19*p + 6. Let d(v) = -6*k(v) - 5*t(v). Let l(f) = -2*d(f) + 5*u(f). Is l(7) prime?
True
Let b = 3 + 1. Suppose b*g = -g + 20. Suppose -2*r + c = g*c - 149, 3*r - 231 = -2*c. Is r a composite number?
False
Let o(w) = w + 19. Let l be o(0). Let b = l + -5. Is (-1407)/b*4/(-6) a composite number?
False
Suppose -6*k = -2*k + 72. Let r be (24/9)/((-4)/k). Let i = 9 + r. Is i a composite number?
True
Let s(i) = -i**3 - i**2 - 2*i - 3. Suppose -2*q = 5*p - 2 + 5, -5*p - 4*q - 11 = 0. Let v(r) = r**2 + 1. Let g(w) = p*s(w) + 2*v(w). Is g(-2) composite?
True
Let l(d) = 11*d**2 - 2*d + 16. Is l(7) a composite number?
False
Let p = -2 + 218. Suppose -162 = -2*a + 2*m, 2*a + m = p - 42. Is a prime?
False
Suppose 3*c - 5*h = 1063 + 148, 0 = 5*c + 2*h - 2039. Is c a composite number?
True
Suppose 3*n - 20 = -n. Suppose 4*p + x = -5 + 23, -10 = -5*p + n*x. Suppose -p*f - 23 = -63. Is f composite?
True
Let w be ((-66)/(-2))/(2/8). Let m = w - 8. Suppose m = 4*a - 0*a. Is a a composite number?
False
Let l(t) = -t + 1. Let f(o) = -o - 5. Let z be f(-6). Let y be l(z). Suppose -2*w + y*w + 106 = 0. Is w composite?
False
Is -2*4835/20*-2 a prime number?
True
Let t = 9 - 3. Let m(n) be the first derivative of n**3 + n**2/2 - n - 1. Is m(t) a prime number?
True
Let t(l) = -89*l + 2. Suppose -3*r + 2 - 5 = 0. Is t(r) prime?
False
Suppose -4*i = i - 20. Suppose -t = 5*o - 2*o - 64, -i*t - 5*o = -263. Is t a composite number?
False
Suppose u = -5*w - 23, -16 = 3*u + 4*w - 2. Let c(d) = d**2 + 2*d**2 + d + u - 4*d. Is c(-3) a composite number?
True
Suppose q + 2*q + 81 = 5*k, 5*q - 87 = -4*k. Suppose g - 3*g = -k. Let n(a) = a**3 - 9*a**2 + 3*a + 8. Is n(g) a composite number?
True
Suppose -3*i + 2 + 7 = 0. Is (-1)/i + (-94)/(-3) a prime number?
True
Let h(a) = a. Suppose 0*s = s. Let o be h(s). Suppose 0 = -5*v - r + 346, -2*v - 5*r + 108 + 35 = o. Is v a composite number?
True
Suppose -11 = 5*a - 1. Is ((-4)/a)/(4/238) prime?
False
Let s(x) = 6*x + 7. Let c(v) = -v**2 + 7*v + 3. Let a(g) = -2*g**2 + 8*g + 2. Let n(j) = -2*a(j) + 3*c(j). Let y be n(-5). Is s(y) a composite number?
False
Is (-2)/((18/159)/(-3)) prime?
True
Suppose -n = -4*n + 6, p - 5*n = -11. Let h(u) = -425*u**3 + u**2 + u + 1. Let o be h(p). Let t = -277 + o. Is t a prime number?
True
Let k(a) = a**3 + 7*a + 3. Is k(8) prime?
True
Suppose -3*x - b = -3, -3 = 4*x + 3*b - 4*b. Suppose x*j = -3*j + 111. Is j prime?
True
Suppose 0 = -2*b - 6, -4*k + k - 2*b - 9 = 0. Is 3 + k/(3/(-192)) a composite number?
False
Suppose d - 196 = -5*i, -2*d - 223 = -3*i - 654. Is d prime?
True
Let k(z) = z**2 - 7*z + 8. Let o be k(6). Suppose -4*s = -o*l - 772, 0 = -4*s + 4*l + 1119 - 339. Is s a prime number?
True
Let a(s) = 60*s**2 + 3*s - 1. Is a(4) composite?
False
Suppose -s = 4*s + 10. Let o be (-2)/(2*s/74). Let c = 132 - o. Is c composite?
True
Suppose 936 = 3*j - 243. Is j prime?
False
Suppose -3 - 105 = -3*z. Suppose 0 = -s + 4*s + w - z, -2 = s + 5*w. Is s prime?
True
Let r = 246 + -137. Is r a prime number?
True
Suppose -738 - 739 = -7*l. Is l a prime number?
True
Let t(f) = 4*f**2 - 10*f - 5. Is t(-8) a prime number?
True
Let h = 10 - -5. Suppose 3*r = -3*m + 15, 5*r + 2*m - h - 1 = 0. Suppose 3*o - 7 = r*o. Is o a composite number?
False
Is (14 - 11) + 110/2 a composite number?
True
Suppose -v + 2959 + 2302 = 0. Is v prime?
True
Let q(k) = -k**2 - 11*k - 15. Let c be q(-11). Is (-5)/(c/102) + 3 prime?
True
Let y be 6 - 6 - (-385)/1. Suppose y = 3*l + 2*l. Is l a prime number?
False
Let f = -236 